e q(y). Suppose o - 175 = -v*o. What is the units digit of o?
5
Let k = 135 - 135. Suppose -3*d = -4*s - 2*d + 1271, k = s + d - 324. What is the tens digit of s?
1
Suppose -3*d = 5*a - 1218, -4*d + 1334 = 2*a - 304. Suppose t = -4*t + 2*b + 409, 3*b = 5*t - d. What is the units digit of t?
1
Suppose 2*k - 196 = 4*y + 122, y - 4*k = -62. Let o = 211 + y. What is the units digit of o?
9
Suppose 6*i - 906 = 318. Let k = -134 + i. What is the tens digit of k?
7
Suppose 5768 = -16*t + 14632. What is the hundreds digit of t?
5
Let g be -36*((-3)/2 + 2). Let q = 21 + g. What is the tens digit of 3 + 11 + q + -1?
1
Suppose 115*u + 130 = 120*u. Let p be 0 + (0 + -2)*6. Let d = u - p. What is the tens digit of d?
3
Let i(p) = 16*p + 1. Suppose -4*j = -j - 39. Let b = 15 - j. What is the tens digit of i(b)?
3
Let l(h) = -h**2 - 2*h + 160. Let a be l(0). Let r = a - 90. What is the tens digit of 0 + (r/2)/1?
3
Suppose -t + 41*w - 45*w + 1193 = 0, -t = -3*w - 1179. What is the thousands digit of t?
1
What is the units digit of -1 - (-245)/(-10)*-24?
7
Suppose 3*h - 15*y = -10*y + 5597, -h + y + 1865 = 0. What is the hundreds digit of h?
8
Suppose 3*t - 19 = 29. Suppose -4 - t = -d + 2*r, 2*d + 3*r = 5. What is the units digit of 318/d + 4/20?
2
What is the units digit of (0 + 1095)*(-70)/(-105)?
0
Let b = -721 + 4253. What is the thousands digit of b?
3
Let k(s) = -s**3 - 3*s**2 + 4*s + 2. Let v be k(-4). What is the hundreds digit of 6*19 - (1 + v + 0)?
1
Let l(n) = n**3 + 5*n**2 - 7*n + 7. Let x be (32/(-20))/(4/(-10)). What is the tens digit of l(x)?
2
Let m = -565 - -148. Let s = m - -622. Suppose 0 = -3*n + 8*n - s. What is the tens digit of n?
4
Let z be (-3 - 2) + 2 + 11 + -5. Suppose 2*i = -m + 5*i + 91, 0 = z*i - 3. What is the tens digit of m?
9
Let w(a) = 4*a**3 - 2*a**2 + 1. Let g be w(1). Let x = 9 + g. Let n(o) = -o**3 + 11*o**2 + 15*o - 1. What is the tens digit of n(x)?
3
Suppose -4*q + 1169 = 5*b, 0*q - 257 = -b + 5*q. Let c = b + -130. What is the tens digit of c?
0
Let f(w) = -15*w - 11. Let c be f(-11). Suppose -13*b = -2*b - c. What is the tens digit of b?
1
Let u = -335 - -115. Let f be (-2)/(-6) - u/6. Suppose 159 + f = 4*l. What is the units digit of l?
9
Suppose 38*r - 30*r = 3264. What is the units digit of r?
8
Let c(k) = -k**2 + 22. Let d be c(0). Let a = -19 + d. Suppose -a*p - 3*n = -0*p - 153, 0 = -2*p - n + 98. What is the tens digit of p?
4
Suppose -z - 236 = 4*p, 3*p + 5*z + 178 = 18. Let o be (-1886)/(-30) + (-8)/p. Suppose 2*k - o = -k. What is the units digit of k?
1
Suppose -z - 4*k + 3 = 0, -z = -0*k + 2*k - 5. Suppose z*t - 19 = 58. What is the units digit of t?
1
Suppose 173*s - 62 = 172*s. What is the tens digit of s?
6
Suppose 7*p + 21 = -0*p. Let a = 197 - 86. What is the units digit of (-5 - -4)/(p/a)?
7
Suppose 4*w - 133 = 143. Suppose -58 = -3*p + h, 5*h + 17 - w = -3*p. Suppose 5*t + 85 = 4*m, 22 = 2*m - t - p. What is the units digit of m?
0
Let l(n) = 24*n**2 + n - 3. Let w be l(-2). Let q = -41 + w. Suppose -2*u + 136 = 3*u - 3*o, 2*u + o = q. What is the tens digit of u?
2
Let l = -205 - -89. Let k = l - -236. What is the units digit of k?
0
Suppose 0 = 5*d - 5, -j + 4*d = -3*j + 6. Suppose j = -4*h + 21, -5*h + 175 = -3*x. Let g = x - -75. What is the tens digit of g?
2
What is the units digit of (-43)/((-5 - (-14)/3)/1)?
9
Suppose -4*s = -23 - 33. Suppose -s - 4 = k - 5*u, -4*u = -16. Suppose -21 = 2*g - x - 4*x, k*x = -g + 12. What is the units digit of g?
2
Suppose -5*v + 4*v = m + 4, 0 = -2*v - 4*m - 18. Let s be -4 + 5 - (-83)/v. Suppose s = 4*i - i. What is the units digit of i?
8
What is the hundreds digit of -33*((-602)/98 + (-12)/14)?
2
Suppose -6*j + 28 = -j + 4*w, -j + 4*w - 4 = 0. Suppose u + 2*n - 40 = -3*n, -j*u + 3*n = -137. What is the tens digit of u?
3
Suppose 519*d + 3776 = 523*d. What is the hundreds digit of d?
9
Let g(y) = y - 2. Let p be g(7). Let j = p + -2. Suppose -c - 14 = j*h + 2*h, -8 = c + 3*h. What is the units digit of c?
1
Suppose -3*k = w - 6*k - 323, -w = -5*k - 317. Suppose 0 = -4*q + 48 + w. What is the tens digit of q?
9
Let b = -112 - -303. What is the tens digit of b?
9
Let d(m) = -33*m**3 - 19*m - 80. What is the thousands digit of d(-4)?
2
What is the units digit of (-16)/(-12)*2*(-68013)/(-36)?
8
What is the units digit of 3/6 + 1045/22?
8
Let u(h) = 2*h**2 + h. Let f be u(1). Suppose -f*c = c - 16. Suppose 4*t - 3*t - 44 = -w, 0 = 4*w - c. What is the tens digit of t?
4
Let g be 1/3 - 496/(-6). Suppose -3*i = -2*u + 10 - g, -2*i + 5*u = -45. Let m = 51 - i. What is the units digit of m?
6
What is the tens digit of 0 - (-6 + (-3 - 289))?
9
Suppose -5*s + 9 = -11. Let q(f) = 5*f**3 - 8*f**2 + 11*f + 4. What is the tens digit of q(s)?
4
Let k(b) = -b**3 + 4*b**2 - 2*b - 2. Let a(g) = -3*g + 3. Let u be a(0). What is the units digit of k(u)?
1
What is the units digit of ((-8)/(-16))/(3/10260*1)?
0
Let g = 54 + -41. Suppose g = -f + 2*f + 4*i, 185 = 5*f - 4*i. What is the units digit of f?
3
Let a(m) = m + 2. Let i be a(3). Let y = 45 + 9. Suppose i*k - y = 3*k. What is the units digit of k?
7
Suppose 0 = -6*j + 4*j - 6. What is the units digit of (j + 5)/(2/(-164)*-4)?
1
Let l(z) = -2*z**3 - 4*z**2 + 5. Let w(s) = s**2 - 15*s + 9. Let v be w(14). What is the hundreds digit of l(v)?
1
Suppose 3*a + 30*a - 37752 = 0. What is the thousands digit of a?
1
Suppose 2*t + 3 = -13. Let a = t + 18. What is the units digit of a?
0
What is the units digit of (-52569)/(-187) + (-6)/51?
1
Let w = 11 + -16. Let h = 9 + w. Suppose q = -h*q + 10. What is the units digit of q?
2
Let j = -4 - -3. What is the units digit of (-3 - 20/(-5))/(j/(-10))?
0
Let i(h) = -h**2 + h + 4. Let t be i(0). Suppose 3*l - 8 = 4. Suppose l*w - 46 = -3*c, -t = -w + 4*c - 2. What is the units digit of w?
0
Let i(r) = -r**2 - 7*r + 55. Let s be i(-15). Suppose -2*m - 2*n - 103 = -3*m, 2*m + 3*n - 213 = 0. Let v = m + s. What is the tens digit of v?
4
Let b = -219 + 389. What is the tens digit of b?
7
Suppose -282 = -3*b + 27. Suppose -4*t = -b - 105. Suppose -5*q - 130 = -5*r, q - 3*q + t = 2*r. What is the units digit of r?
6
Let d be (-24)/9*12/(-8). Suppose 0 = d*u - 250 + 34. What is the units digit of u?
4
Let z = 1505 - -2686. What is the hundreds digit of z?
1
Suppose 0 = -q + x - 3, 2 = -2*q - 4*x + 20. Let k(s) = 95*s**3 - s**2 + 3*s - 1. What is the tens digit of k(q)?
9
Suppose 0*w = -2*w + 250. Let x = w + 3. What is the tens digit of x?
2
What is the units digit of 5195*(4/5)/(40/10)?
9
Let c(r) = r**2 - 3*r + 6. Let g(s) = 3*s**2 - 5*s + 12. Let l(w) = 5*c(w) - 2*g(w). Let j be l(-5). Suppose -3*f + j = -f. What is the units digit of f?
3
Let t be 18/5 - (-24)/(-40). Suppose 0*k - t*k = 6. Let a(n) = -26*n - 2. What is the tens digit of a(k)?
5
Suppose 34 - 46 = -4*g. Suppose 4*v = g*q + 87, -v + q = 4*v - 117. What is the units digit of v?
4
Let w(u) = -u**3 - 2*u**2 + 27*u + 7. Let d be w(-6). Let h = d - -47. What is the units digit of h?
6
Let z = 189 - 119. What is the tens digit of (-3 - z)/(0 + -1)?
7
What is the units digit of 0*16/144 - 2010/(-2)?
5
Suppose 2*n - 30 = 10. Let k be (48/40)/(6/n). What is the tens digit of (k + 173 + 0)/3?
5
Let v = 165 + -86. Let d = v - -74. What is the hundreds digit of d?
1
Suppose 0 = -5*v + 2*m + 26, 0*v + m = v - 7. Let t be (2/2)/(v + -3). Let d(f) = 4*f**2 - f + 1. What is the units digit of d(t)?
4
Suppose 4*p - 18 + 62 = 0. Let b(i) = 3*i**2 + 19*i + 6. What is the hundreds digit of b(p)?
1
Suppose -5*d + 1224 + 956 = 0. Let c = -202 + d. What is the units digit of c?
4
Let n = -980 + 1016. What is the tens digit of n?
3
Suppose 5*u - 5*z = -3*z + 11, -z + 5 = u. Let s be (-280)/(-12) - (-2)/u. Suppose q = 4*q - s. What is the units digit of q?
8
Let x be 3 + -12*2/(-4). Suppose -3*g = -0*g - x. Suppose -g*l = -39 - 117. What is the tens digit of l?
5
What is the hundreds digit of (-25)/15 + 2156/12?
1
Let b(c) = c - 3. Let s be b(5). Suppose -s*q + 159 = 43. What is the units digit of q?
8
Suppose -16*n = -12*n - 468. What is the units digit of -2 + (n + 3 - 2)?
6
Suppose 3*x = 3*n + 60, 80 = -4*n + x - 2*x. What is the tens digit of (-968)/n - -3 - 3/(-5)?
5
Suppose -2*g - k - 3 = -4*k, 0 = -4*g + k - 1. Suppose g = j + 3*j - 28. Wh